er when 105654 is divided by 105327?
327
What is the remainder when 11769792 is divided by 2942446?
8
What is the remainder when 5392249 is divided by 63438?
19
What is the remainder when 3125533 is divided by 74?
69
Calculate the remainder when 475865 is divided by 1099.
1097
What is the remainder when 242196 is divided by 299?
6
Calculate the remainder when 1178476 is divided by 90645.
91
What is the remainder when 574606 is divided by 772?
238
What is the remainder when 3487888 is divided by 1217?
1183
Calculate the remainder when 1732093 is divided by 2503.
17
Calculate the remainder when 43843507 is divided by 5666.
5665
What is the remainder when 412361 is divided by 2074?
1709
What is the remainder when 16988404 is divided by 2567?
2565
Calculate the remainder when 1289829 is divided by 184196.
457
Calculate the remainder when 30080477 is divided by 18.
11
Calculate the remainder when 9046978 is divided by 520.
18
What is the remainder when 22121 is divided by 2865?
2066
What is the remainder when 9193 is divided by 2161?
549
What is the remainder when 63836 is divided by 6785?
2771
Calculate the remainder when 714943 is divided by 64835.
1758
What is the remainder when 17906479 is divided by 105?
94
What is the remainder when 16578 is divided by 3303?
63
What is the remainder when 1195099 is divided by 105?
94
Calculate the remainder when 137617193 is divided by 860.
853
What is the remainder when 572697049 is divided by 50?
49
Calculate the remainder when 41442499 is divided by 55.
54
What is the remainder when 15182407 is divided by 82067?
12
Calculate the remainder when 83133 is divided by 80410.
2723
Calculate the remainder when 1443027 is divided by 73.
36
What is the remainder when 3072 is divided by 2193?
879
Calculate the remainder when 995581 is divided by 1217.
75
Calculate the remainder when 135722 is divided by 871.
717
What is the remainder when 109290 is divided by 54513?
264
Calculate the remainder when 118242 is divided by 3403.
2540
What is the remainder when 114318868 is divided by 606?
604
Calculate the remainder when 91286957 is divided by 15.
2
What is the remainder when 314364654 is divided by 1597?
1592
What is the remainder when 392744 is divided by 129?
68
What is the remainder when 991227 is divided by 90106?
61
What is the remainder when 539529 is divided by 13486?
89
What is the remainder when 150147 is divided by 75043?
61
Calculate the remainder when 168221 is divided by 11212.
41
What is the remainder when 2240350 is divided by 1120175?
0
What is the remainder when 1860146 is divided by 1445?
431
What is the remainder when 181336149 is divided by 47?
44
Calculate the remainder when 39026339 is divided by 133.
16
Calculate the remainder when 2799306 is divided by 932580.
1566
What is the remainder when 1122869 is divided by 1122850?
19
Calculate the remainder when 1213467 is divided by 40.
27
Calculate the remainder when 2048253 is divided by 168.
165
What is the remainder when 14838995 is divided by 315721?
108
Calculate the remainder when 230707 is divided by 840.
547
What is the remainder when 20783963 is divided by 6063?
6062
What is the remainder when 210401 is divided by 35043?
143
Calculate the remainder when 352147 is divided by 177.
94
Calculate the remainder when 119523876 is divided by 10865805.
21
What is the remainder when 1359215 is divided by 43840?
175
What is the remainder when 2606198 is divided by 2817?
473
What is the remainder when 2126498 is divided by 1566?
1436
What is the remainder when 302381 is divided by 454?
17
Calculate the remainder when 119662 is divided by 191.
96
Calculate the remainder when 44455 is divided by 889.
5
What is the remainder when 357556 is divided by 1370?
1356
What is the remainder when 627381 is divided by 208962?
495
Calculate the remainder when 13683 is divided by 536.
283
Calculate the remainder when 15890 is divided by 1409.
391
What is the remainder when 25064013 is divided by 104?
13
What is the remainder when 5919986 is divided by 6836?
10
Calculate the remainder when 370789 is divided by 61797.
7
Calculate the remainder when 406957 is divided by 1153.
1101
Calculate the remainder when 207940 is divided by 5769.
256
What is the remainder when 244722 is divided by 4994?
16
What is the remainder when 635662 is divided by 1832?
1790
What is the remainder when 98511 is divided by 290?
201
Calculate the remainder when 75463 is divided by 1949.
1401
Calculate the remainder when 2603908888 is divided by 230.
228
What is the remainder when 1216446 is divided by 1105?
946
Calculate the remainder when 306351 is divided by 9556.
559
What is the remainder when 8924997 is divided by 4358?
4171
What is the remainder when 15612770 is divided by 25?
20
Calculate the remainder when 190609859 is divided by 268087.
2
Calculate the remainder when 3410846 is divided by 4994.
4938
What is the remainder when 433097 is divided by 176?
137
Calculate the remainder when 53367 is divided by 2048.
119
What is the remainder when 26048734 is divided by 102554?
18
What is the remainder when 17572033 is divided by 3830?
3823
Calculate the remainder when 32188 is divided by 22764.
9424
Calculate the remainder when 38534711 is divided by 224.
215
Calculate the remainder when 10428480 is divided by 964.
892
Calculate the remainder when 610574 is divided by 25432.
206
What is the remainder when 1824472 is divided by 2625?
97
Calculate the remainder when 612340 is divided by 382.
376
What is the remainder when 145382 is divided by 616?
6
Calculate the remainder when 28449995 is divided by 1293181.
13
Calculate the remainder when 1104209 is divided by 5873.
85
What is the remainder when 43890474 is divided by 26?
4
What is the remainder when 19031080 is divided by 13662?
13576
What is the remainder when 62411527 is divided by 88?
79
Calculate the remainder when 64460775 is divided by 4858.
4831
What is the remainder when 30818408 is divided by 9035?
23
Calculate the remainder when 9294090 is divided by 399.
183
What is the remainder when 1565080 is divided by 66?
22
What is the remainder when 40898 is divided by 40793?
105
Calculate the remainder when 106066167 is divided by 105.
102
What is the remainder when 12891449 is divided by 1726?
1681
Calculate the remainder when 1375389 is divided by 35.
29
Calculate the remainder when 15172186 is divided by 1527.
1441
Calculate the remainder when 3918906 is divided by 664.
642
What is the remainder when 148196 is divided by 2962?
96
Calculate the remainder when 1695922 is divided by 2112.
2098
Calculate the remainder when 16904 is divided by 216.
56
Calculate the remainder when 718206 is divided by 358914.
378
Calculate the remainder when 90855848 is divided by 3244851.
20
What is the remainder when 52255541 is divided by 17418500?
41
What is the remainder when 444077 is divided by 145764?
6785
What is the remainder when 15264554 is divided by 201?
11
What is the remainder when 116523 is divided by 44?
11
What is the remainder when 89807 is divided by 11210?
127
Calculate the remainder when 912034401 is divided by 27.
24
Calculate the remainder when 139890951 is divided by 2494.
2491
What is the remainder when 153953 is divided by 153928?
25
What is the remainder when 23504204 is divided by 1305789?
2
What is the remainder when 8707 is divided by 1405?
277
What is the remainder when 1307324 is divided by 8?
4
What is the remainder when 27401271 is divided by 683?
677
Calculate the remainder when 66129885 is divided by 35.
10
Calculate the remainder when 17836 is divided by 5303.
1927
Calculate the remainder when 79462219 is divided by 794622.
19
Calculate the remainder when 1272 is divided by 96.
24
Calculate the remainder when 3087741 is divided by 1543845.
51
What is the remainder when 29406 is divided by 14?
6
Calculate the remainder when 19370972 is divided by 5669.
5668
Calculate the remainder when 12813942 is divided by 18.
12
What is the remainder when 96445 is divided by 2370?
1645
What is the remainder when 3138594 is divided by 933?
915
Calculate the remainder when 630784 is divided by 11681.
10
Calculate the remainder when 128392 is divided by 206.
54
What is the remainder when 84788 is divided by 29?
21
Calculate the remainder